p)?
-9
Let x(f) = -f**3 - 3*f**2 - f - 5. Let n(o) = 2*o**3 - 4*o**2 - 12*o - 40. Let m(z) = -n(z) - 3*x(z). Calculate m(-12).
19
Let m(s) be the second derivative of -s**5/20 + 17*s**4/12 - 5*s**3/6 + 38*s**2 + 2163*s. Calculate m(17).
-9
Let u(q) be the second derivative of 0 + 1/4*q**4 - 1/2*q**2 + 4*q - 1/3*q**3. Suppose -17*o + 12 = 29. Determine u(o).
4
Let k(b) = 3*b**2 + 4*b + 3. Let n(f) = -22 + 12*f + 11*f - 19*f. Suppose 0*t + 10 = 2*t. Let a be n(t). Give k(a).
7
Let l = 1 + 1. Suppose 116 + 164 = 14*g. Let s(a) = -33*a + g*a + a**2 + 14*a. Determine s(l).
6
Suppose -9*l + 34 - 16 = 0. Let g(b) = 549*b**3 - 548*b**3 + 7*b - 1 + 5 + 7*b**l. Give g(-6).
-2
Let g(q) = 11*q + 6. Let i(m) = -3*m + 7 + 4*m - 7 + 1. Let o(j) = -g(j) + 3*i(j). Calculate o(-4).
29
Let n(k) = -k**2 + 13. Let z be (-1)/((-3)/7 + 40/224). Give n(z).
-3
Let k(j) = 7*j**3 - 3*j**2 + 12*j + 19. Let m(l) = l**3 - 2*l**2 + l + 2. Let i(d) = k(d) - 6*m(d). Determine i(-8).
23
Let j(u) = -3*u - 5. Let x(v) = -185*v + 1116. Let w be x(6). Give j(w).
-23
Let y = -4 - -8. Let b(s) = y*s - 224*s**3 + 2*s + 222*s**3 - 9*s**2 + 11. Let d(a) = -3*a**3 - 14*a**2 + 9*a + 17. Let g(x) = -8*b(x) + 5*d(x). What is g(-3)?
-3
Let f(t) = -t**3 - 9*t**2 + 11. Let q(y) = 76*y + 5159. Let m be q(-68). Calculate f(m).
11
Let p(o) = 154*o**3 - 56*o**2 - 118*o - 359. Let m(c) = -71*c**3 + 28*c**2 + 59*c + 179. Let t(g) = 13*m(g) + 6*p(g). Give t(-26).
-9
Let m be (0 + (-21)/(-4))*(-1684)/(-1263). Let v(p) = -p - 20. Give v(m).
-27
Let h = 294 + -295. Let a(l) = 10*l - 6. Let w(d) = -2*d + 1. Let n(g) = h*a(g) - 4*w(g). Calculate n(1).
0
Let i(m) = m**3 + 8*m**2 + 7*m + 5. Let t(r) = -r**3 - 11*r**2 + 21 - 17*r**2 + 28*r - 57. Let y be t(-29). What is i(y)?
5
Let c(q) = 2*q**2 + 3*q + 1. Let m(r) = -9*r**2 - 21*r - 8. Let p(h) = -5*c(h) - m(h). What is p(3)?
12
Let c(m) = -5*m - 186. Let g be c(-37). Let t(w) = 3*w + 7 - 14 - 4*w + 8. Give t(g).
2
Let z(h) = h**2 - 5*h - 4. Let i be (1 - 48/36)/(2/(-36)). What is z(i)?
2
Let b(w) be the first derivative of -3*w**3 + 9*w - 7/2*w**2 - 1/4*w**4 - 28. Let h be 9/(-6)*80/15. Determine b(h).
1
Let x(h) = 3*h - 51. Let s(q) = -4*q**3 - 462*q**2 + 235*q + 366. Let k be s(-116). Determine x(k).
3
Let s(m) = -6*m + 18. Let a be 0*(1/6)/(56/84). What is s(a)?
18
Let q = 92 - 551. Let n = q + 465. Let t(s) = -s**2 + 8*s + 5. What is t(n)?
17
Let u(t) = t**3 - 3*t**2 - 2*t + 3. Let j = 23 - -5. Suppose -5*d = 3 - j. Suppose -5*l - d*z = -30, 4*l + z - 10 = 4*z. Calculate u(l).
11
Suppose -5 = 55*m - 115. Let k(x) = 3*x**2 + 9*x - 24. Give k(m).
6
Let p(v) = -2 - 4*v + 4*v - 2*v. Suppose -o + 260 = 3*y - 539, 2*y - 530 = -2*o. Let w = 262 - y. Determine p(w).
8
Let p(z) = z**2 + 35 - 156 + 40 + 36 - 16*z + 44. Give p(16).
-1
Let d be 2/3*3 + -5 + 4. Let q(n) = 23*n + 17. Let m(k) = 4*k + 1. Let r(h) = d*q(h) - 6*m(h). Determine r(10).
1
Suppose -5*b + 19 = -4*b. Suppose b*m - 6*m = 1326. Let h = -106 + m. Let o(v) = v**3 + 6*v**2 + 7*v + 5. Determine o(h).
9
Let s(u) be the first derivative of u**2 + 7/3*u**3 - 1/4*u**4 - 5*u - 114. Calculate s(7).
9
Let x(f) be the first derivative of -24 + 6*f - 3/2*f**2 - 1/3*f**3. What is x(-5)?
-4
Let h(g) = g**3 - 20*g**2 + 34*g + 15. Let y be -9*1*(-39)/((-117)/(-6)). What is h(y)?
-21
Suppose 0 = -3*r - 2*r + 15. Let n(a) = -5*a + 2 + 7 + r*a. Suppose -46*x + 651 = 7*x + 40*x. Give n(x).
-5
Let y(u) be the first derivative of u**2 - 33*u - 2951. Give y(21).
9
Suppose -3*z = 16 - 43. Suppose -p - 2*p = z. Let h(r) = -132*r - 12. Let v(m) = 17*m + 1. Let u(i) = -h(i) - 8*v(i). What is u(p)?
16
Let n(d) be the third derivative of -7*d**4/24 + 61*d**3/6 - 28*d**2 + 3. Give n(11).
-16
Let s(t) = -t**3 + 6*t**2 - 8*t + 12. Let j be s(5). Let v(g) = 2 - 11 + 2 - 6*g. Give v(j).
11
Let h(t) = -11*t - 16. Let w(z) = -7*z - 11. Let i(y) = 5*h(y) - 8*w(y). Let p = -698 - -690. Determine i(p).
0
Let k(u) = u + 3. Suppose 4*c + 31 = 3. Let v = -5 + c. Let i be 63/v + (-3)/(-12). Determine k(i).
-2
Let n(r) be the third derivative of r**5/60 + r**4/3 - 5*r**3/6 - 4*r**2 + 549. Suppose 4 = m + 2*z, 5*m = 5*z - 0*z - 40. Give n(m).
-21
Let u(c) = 2*c**2 + 0*c**2 + 20 + 2*c - 11*c**2. Let w(m) = -10*m + 317. Let t be w(31). Let y(b) = 4*b**2 - b - 10. Let f(x) = t*y(x) + 3*u(x). Calculate f(0).
-10
Let g be (-3 - 4/(-2))*38. Let n(s) = -s**3 - 37*s**2 + 36*s - 64. Let f be n(g). Let q(c) = -c**2 + 11*c + 8. Calculate q(f).
-4
Let q(p) be the first derivative of p**2/2 - 14*p - 30. Let x be q(19). Suppose 2*k = -0*a - x*a + 12, -5*a = -2*k - 28. Let l(z) = 5*z - 4. What is l(a)?
16
Let k(f) = f**2 - 4*f - 5. Suppose 9*w - 477 = 342. Let v be w/(-13) + 12/1. Calculate k(v).
0
Suppose -2*q - 4*z - 6 = -0*z, 4*q + 7 = -3*z. Let v(r) = -4*r**2 - 3 + 17*r**2 - r**2 + 4 + 13*r**2. Give v(q).
26
Let s(b) = b**2 - 3*b + 2. Let i be 5 - (-2 - -2) - -2. Suppose 0 = -17*p + 16*p - 4*x + 11, -3*p = x - 55. Suppose i*g - p = -5. Determine s(g).
0
Let k(c) = 2*c - 47. Let p be k(29). Suppose -s + 7 = p. Let g(d) = d - 2. Give g(s).
-6
Let q(u) = -u**3 - 2*u**2 + 2*u + 3. Let k = -17 - -200. Let f = k - 186. What is q(f)?
6
Let j be 2*(165/(-6) + 0). Let g = j - -57. Let h(u) = u**3 + 18*u**2 - 22*u**g - 4 + 1 - 5*u. Calculate h(5).
-3
Let c(s) be the first derivative of s**4/4 - s**3/3 - 5*s**2/2 - 47*s - 162. Determine c(0).
-47
Let s be (-20)/3*6/(-5). Suppose 2*v = 3*v - s. Let y(n) = 2*n - n**2 + 3 + 5*n - 2. What is y(v)?
-7
Suppose 3*n = -5*z - 12, 0*n + 20 = -5*n - 4*z. Let w(t) be the second derivative of 7*t**3/6 + 4*t**2 + 2*t + 41. Determine w(n).
-20
Let g(h) = 2*h + 31. Let j be 354/(-1947) - 141/11. What is g(j)?
5
Suppose -g + 3*k = 145, -104 = g + 4*k + 48. Let s = -138 - g. Let w be (15 - 3)/(-3) + s. Let f(q) = -q**3 + 7*q**2 - 7*q + 6. Determine f(w).
0
Let v = -9 + 13. Let n(p) = 59*p + 6*p**2 - v + 3 + p**3 + 0 - 66*p. Determine n(-7).
-1
Let y(b) = -b**2 - 6*b + 5. Let l = -132 - 118. Let x = l - -246. What is y(x)?
13
Let x(t) = -t**2 + 8. Let u be x(0). Let q(h) be the second derivative of -4*h + 5/3*h**3 - 1/12*h**4 - 9/2*h**2 + 0. What is q(u)?
7
Suppose 20 = -2*o + 30. Suppose 4*r - o*r - 1 = 0, -5*f + 2*r - 13 = 0. Let u(a) = -a**2 + 4. Determine u(f).
-5
Let f(d) = -59*d**2 + d + 110*d**2 - 52*d**2. Suppose -13*b + 31 + 8 = 0. What is f(b)?
-6
Let y(h) = -1313*h + 649*h + 669*h - 48. Give y(6).
-18
Suppose 3*o = 6*o + 6*o. Suppose 2*s + 0*d - 2*d + 10 = o, 4*d - 8 = s. Let f(t) = 6*t + 3. Determine f(s).
-21
Let f(j) = j**2 + 8*j - 1. Suppose -976 = 12*n - 14*n. Suppose n*d = 484*d - 20. What is f(d)?
-16
Let c(v) = -v**2 + 4*v - 1. Let k(r) = 1984 - 993 + 5*r - 992 - r**2. Let i = 13 - 19. Let l(z) = i*c(z) + 5*k(z). Calculate l(-2).
3
Suppose -4 = 2*n + u - 14, -2*u = 3*n - 14. Let w(r) = -r**2 - n + 2 + 49*r - 47*r. What is w(4)?
-12
Let p(i) = -2890 + 2895 - i**2 - 10*i + 5*i. Determine p(7).
-79
Let u(o) be the third derivative of o**6/40 + o**5/12 + 11*o**4/24 + 19*o**3/6 - 1219*o**2. Determine u(-2).
-7
Let g(u) = 2*u + 4. Let v(x) = x. Let k(i) = -2*g(i) + 6*v(i). Let l = 4323 + -4315. Calculate k(l).
8
Let s(n) = -4*n + 163. Let g be s(40). Let y(r) = -44*r**2 - 30*r**2 + 1 - r**g + 74*r**2. Give y(1).
0
Suppose b - 2 = 0, -4*o - 58 = -5*b - 24. Let k(p) be the second derivative of -7/6*p**3 - 1/12*p**4 + 2*p + 0 - 5/2*p**2. Determine k(o).
1
Suppose -9*r - 2 = -8*r. Let b(f) = -2*f - 73. Let t(p) = -4*p - 99. Let h(c) = -4*b(c) + 3*t(c). Give h(r).
3
Let l(x) be the first derivative of 3/2*x**2 + 14*x - 88. Determine l(-6).
-4
Let f(q) = -12*q - 6. Suppose 45*d + 936 = 113*d + 88*d. What is f(d)?
-78
Let q(k) = k + 5*k - 29*k**2 + 4 + 2*k**2 + k**3 + 6*k + 18*k**2. What is q(7)?
-10
Let v = 197 - 188. Let d(t) be the first derivative of t**4/4 - 3*t**3 - t - 66. Determine d(v).
-1
Let a(y) = -7 + 9 - 8*y - 1 - 10 + 3*y**2. Calculate a(5).
26
Let h(c) be the second derivative of c**6/720 - c**5/15 + 3*c**4/2 - 17*c. Let z(q) be the third derivative of h(q). Suppose 3*s = 19 - 4. Calculate z(s).
-3
Let g(h) = 5*h**2 - 4*h + 5. Let n(c) = 9*c**2 - 7*c + 9. Let m(t) = 2*t - 7. Let j be m(7). Let l(u) = j*g(u) - 4*n(u). Determine l(-1).
-2
Let w(l) be the third derivative of l**6/144 - l**4/24 + 24*l**2 